?
1011100011110
In base 12, what is -a370 + 62?
-a30a
In base 8, what is -134645 + -36?
-134703
In base 8, what is -3027 - 3317?
-6346
In base 16, what is 343 + 453?
796
In base 16, what is -3 - 526?
-529
In base 13, what is 58 + -3ca9?
-3c51
In base 2, what is 0 + -100100111111000?
-100100111111000
In base 7, what is -1 + 204140?
204136
In base 9, what is 2 - -165684?
165686
In base 15, what is -4 - c83?
-c87
In base 2, what is 100001100 - 1101110110?
-1001101010
In base 9, what is -70 + -25276?
-25356
In base 12, what is -30732 - -30?
-30702
In base 9, what is -610 + -25?
-635
In base 8, what is 667 + -12117?
-11230
In base 2, what is 1101000101 - 1000001?
1100000100
In base 7, what is -2055604 + -1?
-2055605
In base 14, what is 2 + -12a33?
-12a31
In base 16, what is 4c + -32?
1a
In base 16, what is 0 + -2a40?
-2a40
In base 5, what is -12403 + 10020?
-2333
In base 2, what is -100011100010 - -101111?
-100010110011
In base 7, what is 5 + -120601?
-120563
In base 12, what is -2 - -186678?
186676
In base 15, what is -12933c + 5?
-129337
In base 4, what is -3 + 301330?
301321
In base 4, what is -10 - -2100220132?
2100220122
In base 11, what is 30 - -1077?
10a7
In base 7, what is -1 + 352256?
352255
In base 11, what is 2748 - -a?
2757
In base 8, what is -2265510 - 3?
-2265513
In base 12, what is -245a40 - 6?
-245a46
In base 9, what is -26 - 3364?
-3401
In base 11, what is -92303 + -5?
-92308
In base 6, what is -120 + 11051?
10531
In base 15, what is 143 + 141d?
1561
In base 2, what is -111110010 - 110111?
-1000101001
In base 2, what is 10 + 10100111110010?
10100111110100
In base 4, what is -12113113 + -213?
-12113332
In base 2, what is -1000001001010100100 - 1?
-1000001001010100101
In base 16, what is -26 + -2c12?
-2c38
In base 5, what is 0 - -1131230?
1131230
In base 3, what is 12 + 2002101?
2002120
In base 2, what is -101101111101111 - -100?
-101101111101011
In base 12, what is -217 + 2a?
-1a9
In base 10, what is -14404 + 2?
-14402
In base 4, what is 3230113 - 1?
3230112
In base 14, what is -2 + 2199db?
2199d9
In base 6, what is 50550 + -14?
50532
In base 10, what is 609 - -594?
1203
In base 12, what is 1 + -102a5?
-102a4
In base 4, what is 1 - 30231023?
-30231022
In base 4, what is -2222 + 302020?
233132
In base 13, what is -37a5 + -3?
-37a8
In base 11, what is -16 - -13445?
1342a
In base 6, what is 11135 - -150?
11325
In base 3, what is 12 + 112001220110?
112001220122
In base 11, what is -178 + 168?
-10
In base 13, what is -6b81c - 9?
-6b828
In base 16, what is 2314 + 15?
2329
In base 3, what is -20002200 + -210022?
-20212222
In base 3, what is -10 + -111122020110?
-111122020120
In base 3, what is 1 + 1112112021102?
1112112021110
In base 5, what is 1 + 3443034?
3443040
In base 2, what is -10110010110000001 - 11?
-10110010110000100
In base 7, what is 5645 - 44?
5601
In base 13, what is -345 - -2846?
2501
In base 2, what is 0 + 100011011011?
100011011011
In base 2, what is 10101100001 + -1101111011?
111100110
In base 9, what is 1 - -78877?
78878
In base 2, what is 11111111101000 + 101100?
100000000010100
In base 15, what is 3 - 249ec?
-249e9
In base 3, what is 102110 - -1021?
110201
In base 14, what is 2c1 + -526?
-245
In base 11, what is 112 - -29?
140
In base 2, what is 1010 - 1100010101011?
-1100010100001
In base 11, what is -1a + 77696?
77677
In base 2, what is -1101100010 - 1110010?
-1111010100
In base 6, what is 114 - -4032?
4150
In base 5, what is 4400 - -43011?
102411
In base 14, what is -23c167 + 2?
-23c165
In base 11, what is 4 + 7268aa?
726903
In base 8, what is -2105 + 262?
-1623
In base 4, what is 2132031 - 10133?
2121232
In base 7, what is -2 + 165535?
165533
In base 5, what is 223 - -31001?
31224
In base 10, what is 97 - 1171?
-1074
In base 7, what is 0 - -105513?
105513
In base 3, what is 12 + -2012101212?
-2012101200
In base 10, what is -885 - 417?
-1302
In base 10, what is -231 - -6080?
5849
In base 14, what is 8 + 375c?
3766
In base 12, what is a245 + 17?
a260
In base 4, what is -131003 + 32?
-130311
In base 8, what is -4722216 - -4?
-4722212
In base 11, what is -1a + -962a?
-9649
In base 12, what is b5 + -699?
-5a4
In base 3, what is 200000 + 12020?
212020
In base 7, what is -1425 - 1524?
-3252
In base 10, what is -134110 - 2?
-134112
In base 11, what is 12a + -25?
105
In base 10, what is 1642 - 1?
1641
In base 8, what is 0 - 2037020?
-2037020
In base 15, what is -7aed + a?
-7ae3
In base 8, what is 2 - 25464?
-25462
In base 16, what is -45 + 287?
242
In base 15, what is -51 - -41c?
3bb
In base 7, what is -3 - 60440?
-60443
In base 8, what is 1 + 111746?
111747
In base 14, what is -13d - -83?
-9a
In base 2, what is -1000110111 - 110000101011?
-111001100010
In base 10, what is 2 - -243695?
243697
In base 7, what is 1 - 131022?
-131021
In base 12, what is 5 - 1161?
-1158
In base 15, what is -16b7 - -d4?
-15d3
In base 9, what is -5638 - -10?
-5628
In base 4, what is 1 - -101103020?
101103021
In base 7, what is -15 - -4506?
4461
In base 10, what is 3 + 1992?
1995
In base 7, what is -12 - -10452?
10440
In base 3, what is 11022 - 2010?
2012
In base 3, what is 2011200 + 101?
2012001
In base 15, what is -63ae - -140?
-626e
In base 9, what is 3 - -10257?
10261
In base 7, what is 1 + 3531501?
3531502
In base 2, what is 10010 - 1010111100100001?
-1010111100001111
In base 14, what is -7 + 2182?
2179
In base 7, what is 2344536 - -3?
2344542
In base 13, what is -7 - -31b?
314
In base 5, what is 14 + 203123?
203142
In base 12, what is -42876 + 4?
-42872
In base 8, what is 136 + 224?
362
In base 9, what is -120 - 23788?
-24018
In base 12, what is 4 + 4a734?
4a738
In base 6, what is -342100 - 21?
-342121
In base 3, what is 2021220 - -120221?
2212211
In base 13, what is -a + 7281?
7274
In base 7, what is 126036 + -2?
126034
In base 16, what is 129 - 80?
a9
In base 2, what is -1100001001 + 10011100001?
111011000
In base 16, what is -88 + -150?
-1d8
In base 14, what is -18795 - 18?
-187ad
In base 3, what is 12 + -22010122001?
-22010121212
In base 3, what is -1110102200 + 2?
-1110102121
In base 9, what is -451 - -40?
-411
In base 6, what is 12235 - -1245?
13524
In base 10, what is 6095 - 3?
6092
In base 5, what is 142430310 + -1?
142430304
In base 8, what is -10 - -215111?
215101
In base 9, what is -65 + 832?
756
In base 4, what is 1211000 + 120?
1211120
In base 5, what is 304431 + -23?
304403
In base 10, what is -1316618 - -4?
-1316614
In base 5, what is 1413121 + 4?
1413130
In base 10, what is -21 - -22923?
22902
In base 16, what is -7634 - 2c?
-7660
In base 4, what is -103111 - 31023?
-200200
In base 16, what is -1e1374 + 0?
-1e1374
In base 11, what is -151636 + 0?
-151636
In base 3, what is 10211220011012 - -12?
10211220011101
In base 9, what is -13606 - 25?
-13632
In base 13, what is 9c039 - 0?
9c039
In base 11, what is 3026 - 40?
2a96
In base 7, what is -615 + -312?
-1230
In base 11, what is -260 - 100?
-360
In base 16, what is cdc4 + -1?
cdc3
In base 12, what is 211b0 - 6?
211a6
In base 5, what is -10 - 1344040?
-1344100
In base 10, what is 110 - 35615?
-35505
In base 11, what is 239a9 + -29?
23980
In base 2, what is 11010000111100011 - 10?
11010000111100001
In base 2, what is -111011100 + -10111011001?
-11110110101
In base 4, what is 20 + 10322?
11002
In base 15, what is -2ee + -1a?
-319
In base 8, what is 3010 - -142?
3152
In base 2, what is 11001111000000 + 1011?
11001111001011
In base 9, what is 3280 + -507?
2672
In base 6, what is 3042555 + 1?
3043000
In base 8, what is 445 - 62?
363
In base 10, what is -1936 + -1039?
-2975
In base 9, what is 127707 - -1?
127708
In base 14, what is -12 + -89c?
-8b0
In base 2, what is -101111101 - -1010100000?
100100011
In base 6, what is -122 - 10221?
-10343
In base 3, what is 20111120 + 102220?
20221110
In base 11, what is -31 + -3206?
-3237
In base 10, what is 3 - -361250?
361253
In base 8, what is 0 + 373144?
373144
In base 15, what is 26869 + -1?
26868
In base 2, what is 100 + -1100110101100?
-1100110101000
In base 15, what is 278 + 447?
6c0
In base 3, what is 111211 - -102111?
221022
In base 9, what is 0 + 120148?
120148
In base 7, what is 4 - -603556?
603563
In base 4, what is 10220022022 + -1?
10220022021
In base 13, what is 4342 + 59?
439b
In base 5, what is 4320444 - -10?
4321004
In base 